2*i = -g. Is f a prime number?
False
Suppose 0 = -0*d + 3*d + 876. Let g = -201 - d. Let a = -57 + g. Is a composite?
True
Let o(y) = y**3 + 10*y**2 - 12*y - 9. Let f be o(-11). Suppose -2*x = f*s + 3*x - 849, -5*s - 2*x = -2175. Is s a prime number?
False
Let g(p) = 3*p**2 - 7. Let u be g(-5). Suppose -d + 35 = -2*b, 3*d = 3*b - 0*d + 48. Let i = u - b. Is i a prime number?
False
Let h(c) = 2*c**2 + 6*c - 15. Let m(a) = a + 7. Let v be m(-6). Let s be ((-11)/(-2))/(v/2). Is h(s) a prime number?
True
Is 262600/48 + (-1)/(-6) composite?
False
Let y(h) = -3*h - 10. Let z be y(-5). Suppose -z*x - 70 = -4*p - 21, -3*p = 3*x - 30. Is p prime?
True
Suppose o - 4*q + 138 = 0, o + 3*o - q + 612 = 0. Let a be ((-9)/6)/(1/166). Let s = o - a. Is s prime?
False
Suppose 3*z = 3*n - 15, 15 = 4*n - n + 2*z. Suppose n = -2*h - 5*i + 2*i, -2*i = -3*h + 12. Is 22/33*(379 + h) composite?
True
Let m = 24 - 25. Is ((-2)/4)/(m/526) a prime number?
True
Let w = 61043 - 26920. Is w prime?
True
Suppose 0 = -19*o + 25*o - 2274. Is o a composite number?
False
Let o = -17 - -20. Suppose -m + o*j + 396 = 0, 2*j - 650 = -2*m + 102. Is m composite?
True
Is (-2*(-10473)/(-6))/((-1)/3) composite?
True
Let u = -455 - -1483. Let m = u + -531. Is m a prime number?
False
Let u = 703 + -1686. Let x = 1750 + u. Is x prime?
False
Let g(d) = 12*d**2 - 1. Let u be g(-4). Suppose 5*n - u = 4*n. Is n - 3/6*0 a prime number?
True
Suppose 6*n + 10 = 8*n. Suppose 0 = -i + 4*q + 317, 0 = n*i + 3*q - 0*q - 1585. Is i a prime number?
True
Suppose 3*o + 0*b - 21 = 3*b, -5*o + b = -15. Is 14*(-149)/(-4)*o prime?
False
Let f be 8216/(-20) + (-2)/10. Let p be -1 + 4/(20/5295). Let a = p + f. Is a a prime number?
True
Suppose -5*c - 27 = -2, 5*o + 5*c - 36150 = 0. Is o prime?
False
Let d(f) = f + 1. Suppose -2*q + q - 1 = 0. Let h be d(q). Suppose -2*m - 3*m + 1175 = h. Is m a prime number?
False
Is (-261820)/(-84) + (-2)/(-21) a prime number?
False
Suppose 2*r + 7*r = 18. Suppose 10 = -r*i, 0*m - 4*i - 871 = -m. Is m a prime number?
False
Let m(k) = 3082*k + 763. Is m(12) a composite number?
False
Let q(c) = 66*c - 15. Let y = -65 + 71. Is q(y) a composite number?
True
Suppose a = -2*a - 717. Let g = 578 - a. Is g a prime number?
False
Is (-4955)/(-5) - 3 - -3 prime?
True
Is (-11)/33*6*(-62683)/2 composite?
False
Is (-63)/(-105) + 9814/10 a prime number?
False
Let r = -3 - 0. Let s = 3 + r. Suppose 5*u = -0*u + w + 566, s = -2*u + 2*w + 228. Is u composite?
False
Suppose 234 - 1889 = -5*q. Suppose -5*b = q + 124. Let z = 168 + b. Is z prime?
False
Let r = 65 - 24. Suppose 2*c = 2*z - 0*z - 36, 2 = 2*c. Let q = r - z. Is q prime?
False
Suppose 4*h - 66*y + 61*y = 45051, 3*y + 33792 = 3*h. Is h composite?
True
Suppose -37 - 208 = -7*r. Suppose -r*j = -32*j - 3327. Is j composite?
False
Let c = 792 - -3949. Is c composite?
True
Let n be 3900/9 - (-3)/(-9). Let w be ((-2)/(-2))/((-1)/(-6)). Suppose 4*k = -3*a + 368, w*k - 3*a = k + n. Is k a prime number?
True
Suppose 10*n + 110254 = 537404. Suppose -5*p = 5*t - n, -4*p + 6*p + t = 17088. Is p prime?
False
Let j = 1851 + -17. Suppose 0 = 3*n - j + 73. Is n prime?
True
Is (4613/(-5))/(145/25 + -6) a composite number?
True
Let g be 76/10 + (-6)/(-15). Suppose -4 = -b - 2*j, -g = -2*b - 0*b + 5*j. Is (-764 - -1)/(3 - b) a prime number?
False
Let i be (-8166)/(-14) + (-2)/7. Let m = i + -329. Suppose -m = -2*n + 5*z + 268, -4*n + 2*z + 1012 = 0. Is n prime?
True
Let r = 3 + -9. Let t(l) = 22*l**2 - l - 1. Let k be t(r). Suppose 0 = 5*q + 162 - k. Is q a composite number?
False
Let v be -2*(3/(-6) + -2). Suppose -3*j + 1871 = -5*w, 4*j - 3*w = -v*w + 2538. Suppose -j = -3*l + 289. Is l prime?
True
Suppose 0 = 26*o - 9536 - 3906. Is o composite?
True
Let j(v) = 9*v**2 + 2*v - 61. Is j(22) prime?
True
Suppose 5*g - 33230 + 4075 = 0. Suppose z + 0*z - i = 1163, -g = -5*z - 3*i. Is z a prime number?
False
Let m = 68790 + -38849. Is m composite?
True
Let y = 2788 + -1991. Is y composite?
False
Suppose -480 = 22*m - 8862. Is m a composite number?
True
Let o be (5/4)/(5/(-60)). Let y(p) = 7*p + 17. Let z(g) = -g. Let q(t) = -y(t) - 2*z(t). Is q(o) prime?
False
Is (16980/(-240))/(0 - 1/268) prime?
False
Let p(i) = 12*i**2 + 9. Let s = 28 + -36. Let n be p(s). Let u = 1108 - n. Is u a composite number?
False
Let q = 17 + -9. Suppose 0 = -7*x + 4 + 24. Suppose q*t = -i + x*t + 11, -2*t + 10 = 2*i. Is i composite?
False
Let p be ((-4)/(-6))/((-3)/63). Let k be (45/(-10))/(-9) + (-55)/(-2). Let q = p + k. Is q composite?
True
Suppose -11*d + 10*d - 4*v = -2225, v = -4*d + 8885. Is d composite?
False
Let p = -5 - -16. Suppose -5*a - p = -1. Let o = a + 37. Is o a prime number?
False
Suppose 5*y = 6*y + 4*y. Suppose y = 2*v - 6*v + 12. Is v a composite number?
False
Let j(w) = -w**2 - 6*w + 5. Let n be j(-7). Let g be (n/4)/((-1)/542). Let z = g - 192. Is z composite?
False
Let i = 633 + -214. Let c = 800 - i. Is c composite?
True
Let z(d) = 2*d**2 - 12*d - 14. Let j be z(7). Suppose -2*k + 163 + 159 = j. Is k prime?
False
Let b be 0 + (-54848)/(-60) - 2/15. Let p be (-12)/(-5) - (-4)/(-10). Suppose -n + 70 + 387 = -3*u, -4*u = p*n - b. Is n a prime number?
True
Suppose -798 = -i + 515. Is i composite?
True
Suppose -294876 = -19*w - 17*w. Is w a prime number?
True
Is (-5 - -1) + 870240/32 a prime number?
True
Suppose 5*m = -3*y + 1276, -m + 157 = -2*y - 106. Is m prime?
True
Let x be ((-10)/75 - 4/(-30))/3. Suppose -s + 2*m + 12792 = 3*s, x = 4*s + 3*m - 12782. Is s a prime number?
False
Let j = -12 + 7. Let x = j - -5. Suppose -5*r = 2*g - 0*g - 111, x = -r - 4*g + 33. Is r a prime number?
False
Let q be 2 + (0 + 1)*(5 - 6). Is 1 - -1 - (1 + (-629 - q)) a prime number?
True
Suppose 4*m - 1742 = -2*q, 6*q - 10*q + 3511 = -m. Is q composite?
False
Let l = -411 - -3179. Suppose -8*n = -l - 1112. Is n a prime number?
False
Suppose -3*c + 4519 - 13273 = 0. Is 3/24*c*-4 a composite number?
False
Let x = -23 - -31. Suppose 133 = x*o - o. Let r = o - -78. Is r a prime number?
True
Suppose -8*g + 4705 = -5*h - 3*g, -5*h - 4*g - 4705 = 0. Let o = h + 1882. Is o a composite number?
False
Let l(r) = r**3 + 10*r**2 - 12*r - 2. Let n be l(-11). Let d(x) = x**3 + 2*x - 13. Is d(n) composite?
True
Let d = 14403 + -2192. Is d composite?
False
Let g = -1305 + 22346. Is g prime?
False
Let d be 7/35 - (-12)/(-5)*-2. Suppose d*n - 5 = 0, 0 = 2*l - 7*l + 5*n + 1160. Is l prime?
True
Suppose 8*w - 6 = 10*w, -t + 35465 = 2*w. Is t a composite number?
True
Let f(a) = a**3 + 8*a**2 + 12*a - 4. Let s be f(-4). Suppose s*d - 15*d = -3531. Is d prime?
False
Suppose 3*j - 15 = 0, 0 = -4*q - 5*j + 2*j + 37343. Suppose 4*h - 2*o - 6999 = h, -4*h + 2*o + q = 0. Is h a prime number?
True
Let t(f) = -f - 3. Let g be t(-8). Suppose 0 = -0*d + g*d - 1055. Is d a prime number?
True
Let a(l) = 8*l**2 - 2*l + 1. Let i be a(1). Suppose -2*q + 26 = 2*h, 3*h + i = 6*h - 5*q. Let j(p) = 2*p**3 - 6*p**2 - 12*p + 7. Is j(h) a composite number?
True
Let i(m) = -m**2 + 8*m - 5. Let c be i(7). Suppose -4*v + 2*v = 4*p + 18, 0 = c*v - 5*p + 9. Let f = v + 33. Is f composite?
True
Let x be (-6)/4*(-2 + 0). Let i = 1 + x. Suppose -2*w + 323 = 4*p + 3*w, 296 = 4*p - i*w. Is p a prime number?
False
Let g = -735 + 432. Let x = 518 - g. Is x prime?
True
Let c be 0 - 4/(-20) - 51/5. Is (-13929)/2*c/15 a composite number?
False
Suppose 0 = 10*i - 9*i - 3. Is 1/(i/114*1) prime?
False
Let f = 202 + -71. Suppose -4*g + f = k - 2*g, -g + 637 = 5*k. Is k a composite number?
False
Is 4362/9*51/34 a prime number?
True
Let r(i) = 0 - 2 - 8 - 5*i**2 - 8*i - i**3. Suppose 24 = -3*l + 4*a + 22, 0 = -2*l + a - 8. Is r(l) prime?
False
Let n be ((-9)/(-3) + -2)*-10. Let r(h) = 4*h - 13. Let t be r(n). Let y = 74 + t. Is y a prime number?
False
Let m(j) = 426*j**2 + 7*j + 2. Is m(5) composite?
False
Is (104/32 + -4)/((-9)/3387372) prime?
True
Suppose -d - 7 + 11 = 0. Suppose -d*n = -2*g + 226, -7*g + 565 = -2*g - 3*n. Is g a composite number?
False
Let k = 3699 + -1726. Is k a composite number?
False
Suppose -5*f - 4*z = -44993, -7*z = -4*f - 3*z + 35980. Is f a composite number?
True
Suppose 5*c - 3*d - 14073 = 0, -5631 = -4*c + 2*c + 3*d. Suppose c = 11*k - 3269. Is k a prime number?
False
Let m(v) be the third derivative of -v**5/